*2 + 7*t - 1. Let m be y(-7). Let g be m/21 - (-2)/(-7). What is the highest common factor of g and 9?
9
Let b = 303 + -208. What is the greatest common factor of b and 38?
19
Suppose 0 = 5*r - 20, -7*r + 511 = 3*b - 3*r. Calculate the greatest common divisor of b and 15.
15
Suppose -n = -3*n - 4*p + 176, 4*n - 2*p = 362. Let h = -30 - -66. Calculate the highest common divisor of h and n.
18
Let d be 3*2/(-30) + 251/5. Calculate the highest common divisor of 25 and d.
25
Suppose 0*z = 2*z + 6. Let x be z/9*-3*40. What is the highest common divisor of 8 and x?
8
Let t(k) = -k**3 - 8*k**2 - k - 8. Let i be t(-8). Suppose i = -u + 11 + 3. What is the highest common divisor of u and 42?
14
Suppose -5*d + 215 = 15. Suppose -l - 3*l = 4. Let b be 2 + 0 + 15 + l. Calculate the greatest common factor of d and b.
8
Suppose 38 = 12*q - 10*q. What is the greatest common divisor of 133 and q?
19
Let z be 5 + -3 - 0 - -64. Let s = -13 - -19. Calculate the highest common divisor of z and s.
6
Suppose -3*h = -2*h - 5*s - 53, s - 128 = -4*h. Calculate the highest common factor of h and 33.
33
Suppose 5*l = 3*z + 81, 3*l - 4*z = 2*l + 23. Suppose 1 = -2*c + 4*y + 39, 4*c - y - 62 = 0. Calculate the highest common divisor of c and l.
15
Let d be (114/4)/((-3)/(-4)). What is the highest common divisor of 19 and d?
19
Let v(g) be the first derivative of g**3/3 + 2*g**2 - 5*g - 1. Let o be v(4). Suppose o - 97 = -2*y. What is the greatest common factor of y and 7?
7
Let v = 282 - -30. Suppose -v = -4*x + 4*q, 4*x + 4*q = -x + 390. Calculate the greatest common divisor of 52 and x.
26
Let z be (145/(-45) - (-6)/27) + 13. Calculate the highest common divisor of 190 and z.
10
Let j = 1898 + -1293. Suppose -4*x + j = x. What is the highest common divisor of 11 and x?
11
Let o = -1 - 0. Let y be (35*-2)/(1*o). Let d = -14 + 24. What is the highest common divisor of d and y?
10
Let n(v) = v**2 + 2*v - 4. Let w be n(-5). Let o = 94 - 50. What is the greatest common factor of w and o?
11
Suppose 0 = -4*j + 70 - 10. Let c = j + 3. Calculate the greatest common divisor of c and 45.
9
Suppose 3*k + 42 = 3*q, 4*q + 3*k = 9*q - 62. Calculate the highest common factor of q and 6.
2
Let c be 15/6*(-2 + 4). Let y(p) = -1 - c + 3 + 9*p. Let g be y(2). Calculate the greatest common factor of 60 and g.
15
Let a = -63 + 183. What is the highest common divisor of 48 and a?
24
Suppose 0 = -4*c - c - 10, -5*c = -3*p + 64. Let q = 36 - p. Suppose a + 2*a - 5*t - 51 = 0, q = 2*a + 2*t. What is the highest common factor of 18 and a?
6
Suppose 2*y + 414 = 5*j, 5*j = -0*y - 2*y + 426. What is the greatest common factor of 28 and j?
28
Let z = 6 - 17. Let w = 4 - z. Suppose w = 2*v - 7. What is the highest common divisor of 99 and v?
11
Let c(r) = 10*r**2. Let v be c(3). Suppose 4*a = 3*a + 18. What is the greatest common divisor of v and a?
18
Suppose -5*g = -4*z + 15, -z + g + 3*g + 1 = 0. Suppose z*w - 12 = 4*w. What is the greatest common factor of w and 30?
6
Let y be -6 - (-2 - -1*2). Let v(p) = p**2 + 6*p + 2. Let r be v(y). Let t be r/(-5) + (-67)/(-5). What is the highest common factor of 39 and t?
13
Let z be ((-2)/2)/(4/140). Let r = z + 7. Let h be r/(3/((-6)/4)). What is the highest common divisor of 7 and h?
7
Let n(b) = 10*b**2 + 6*b + 5. Let d be n(-2). Calculate the greatest common factor of d and 3.
3
Suppose -4*z - 8 - 32 = -2*w, -10 = -2*w - 2*z. Let o be ((-6)/(-4))/(42/1960). Calculate the greatest common factor of w and o.
10
Let a be (4/3 - 1)*6. Let u be 15/a*(-144)/(-20). Suppose d - 3*d + 36 = 0. What is the highest common factor of d and u?
18
Let q be (44/(3 - 5))/(-1). Suppose 3 = -o, -4*o = -2*v + v + q. Calculate the greatest common factor of 110 and v.
10
Suppose -3*s = -c - 24 - 49, 2*s - 46 = -2*c. Suppose -4*i = -11 - 1. What is the highest common divisor of i and s?
3
Let q = 101 - 41. Let y be (-3860)/(-260) - 2/(-13). Calculate the highest common factor of q and y.
15
Let d(w) = -3*w**2 - 2*w - 2. Let j(k) = -k**2. Let a(r) = d(r) - 4*j(r). Let f be a(3). What is the greatest common divisor of f and 1?
1
Suppose 3*o = 3*v + 57, 3*o - 2*v - 67 = 3*v. What is the greatest common divisor of o and 154?
14
Let q(i) = -i + 7. Let r be q(-14). What is the greatest common divisor of 84 and r?
21
Let y = -41 - -54. What is the highest common factor of 1 and y?
1
Let p be (1 - -168)*(1 - 0). Suppose -4*g = 5*q - 3*g - p, -5*g + 20 = 0. What is the greatest common factor of q and 22?
11
Let n be 1 + -2 - 6/(-2). Suppose 0 = n*m - 3*m + 4. Calculate the greatest common divisor of 32 and m.
4
Let b = 5 - -5. Let a be b - (2 + 0) - -1. What is the highest common divisor of a and 9?
9
Suppose -3*q + 2 = -1. Calculate the greatest common divisor of q and 5.
1
Let z be (4/(-3))/1*-3. Suppose -z*q + 5 = q. Calculate the highest common divisor of q and 3.
1
Suppose -d + 44 + 40 = 0. Let h be 2/(3*1/d). What is the highest common factor of h and 8?
8
Suppose 2*i + 0*t - 3*t + 73 = 0, 0 = i + 5*t + 4. Let q = i + 63. Calculate the greatest common divisor of 17 and q.
17
Let p(n) = -n**2 + 9*n - 2. Let k be p(6). Calculate the greatest common factor of k and 4.
4
Let k(y) = 76*y + 2. Let p be k(2). Let c(u) = -3*u - 1. Let t be -4*(-3)/(-3) - 1. Let q be c(t). Calculate the highest common factor of p and q.
14
Let p be (4 + 48)/(-3 - -5). Suppose -h + p = h. What is the greatest common factor of 13 and h?
13
Suppose 3 = 4*o - o + c, 0 = -4*o - 2*c + 6. Let j be 64 - o*2/4. Calculate the greatest common factor of 16 and j.
16
Let s = -43 - -19. Let y be (4/(-6))/((-2)/12). Let b be (s/(-9))/(y/6). What is the highest common factor of b and 1?
1
Let o(g) = -3*g + 42. Let u be o(13). Suppose -4*p = -3*p - 6. What is the highest common divisor of p and u?
3
Let j be (-180)/8*-2*1. Calculate the greatest common factor of j and 5.
5
Let y = 179 - 81. What is the highest common divisor of y and 14?
14
Let c(v) = 11*v**2 + v - 4. Let q be c(-3). Suppose -5*f = 2 - q. What is the highest common factor of 2 and f?
2
Let l = 16 + -15. What is the greatest common factor of 16 and l?
1
Let b be (-1 - -3)/2 - -1. Suppose -3*q + 5 = b*d - 20, -3*q + 30 = -3*d. Calculate the greatest common divisor of 3 and q.
3
Let d = 54 + 9. Let v(a) = 6*a - 9. Let h(g) = -4*g + 6. Let q(y) = -7*h(y) - 5*v(y). Let m be q(-3). Calculate the highest common divisor of d and m.
9
Suppose -7*r + 10*r = 114. What is the greatest common factor of 190 and r?
38
Let t(i) be the third derivative of -i**5/60 - i**4/3 + i**3/3 + i**2. Let z be t(-4). Calculate the greatest common divisor of z and 3.
3
Let q(h) = h**2 - 3*h - 7. Let u be q(7). What is the highest common factor of 168 and u?
21
Suppose 4*i + 15 = -i. Let d be (-6)/(i + 5) + 15. What is the greatest common divisor of d and 18?
6
Let m(v) = v**2 + v**2 - v + 2 - v**2. Suppose -2*g = 5*a - 16, 0*g - g + 3 = 0. Let d be m(a). What is the greatest common divisor of d and 1?
1
Let a = 81 - 75. What is the greatest common factor of a and 14?
2
Let p be 0*(-3)/(-6) - -5. Suppose 0 = 5*j - 16 - 24. Suppose 3*n + 52 = r, -3*n - j = 4. What is the greatest common factor of p and r?
5
Let q = 40 - 19. Let x(z) = -z**3 - 7*z**2 - 7*z - 3. Let u be x(-6). Calculate the highest common factor of u and q.
3
Suppose 2*r + 110 = 7*r. Calculate the highest common divisor of r and 22.
22
Let q(v) = -2*v - 10. Let d be q(-12). Suppose -149 - 46 = -5*x + 3*r, -r = 3*x - 131. Calculate the highest common divisor of x and d.
14
Suppose 0 = 3*f - 2*f + 54. Let z be f*(-2 - 3/(-2)). Suppose -6 - 21 = -3*w. What is the highest common divisor of w and z?
9
Let u = -6 - -22. Calculate the greatest common factor of 32 and u.
16
Let d = -108 - -153. Let m = d + -22. Calculate the greatest common divisor of m and 184.
23
Let b(c) = -c**3 + 3*c**2 + c + 4. Let y be b(4). Let w be 4/18 + 574/9. Let n = w + y. What is the highest common factor of 8 and n?
8
Suppose -5*m + 10 = -3*m - 5*b, 2*m - 8 = 4*b. Suppose 4*f + f - 4*p - 77 = m, 4*f + 2*p = 72. What is the highest common divisor of 17 and f?
17
Let r(v) = -v**3 + 7*v**2 + 4. Let x be r(7). Let z(c) = -c**3 + 6*c**2 - 6*c + 1. Let u be z(x). Calculate the highest common factor of 3 and u.
3
Let j be (15/10 + 46/(-20))*-15. Calc